*2 + 3*c. Let w(f) = -17*u(f) - 6*x(f). Suppose 0 = 5*r + 28 + 2. What is the tens digit of w(r)?
1
Let k = -82 + 38. Let a = 14 + k. Let c = a + 72. What is the tens digit of c?
4
Let o(z) = z**2 + 3*z - 4. Suppose 5*m = 18 + 7. Suppose -9*k - 28 = -m*k. What is the units digit of o(k)?
4
Let h(f) be the third derivative of f**4/8 - f**3/3 + 30*f**2. Let z = -1 - -4. What is the units digit of h(z)?
7
Let y = 67 - 68. What is the hundreds digit of (-5 + (-18)/(-4))/(y/354)?
1
Let r = 2955 - 2019. What is the hundreds digit of r?
9
Let l(r) = 6*r - 9. Let n(u) = -7*u + 8. Let d(m) = 6*l(m) + 5*n(m). What is the units digit of d(15)?
1
Let j(x) = 266*x**3 - 2*x**2 + 1. What is the tens digit of j(1)?
6
Let j = 606 + -369. Let g = -66 + j. Suppose 4*s + g = 7*s. What is the tens digit of s?
5
Let t(h) = -3*h - 16. Suppose 0 = -4*r + g - 22, -42 = 4*r + 5*g - 8. Let k be r/(0 + -3)*-8. What is the tens digit of t(k)?
3
Let r(h) = 3*h**3 + 3*h**2 + 8*h + 9. What is the thousands digit of r(8)?
1
Let f(x) = x + 5. Let m be f(-3). Let v(k) = k**3 - 9*k**2 + 3. Let h be v(9). Suppose -m*y + h + 7 = 0. What is the units digit of y?
5
Suppose 0 = 4*j - 6*j + 20. Let p = 13 - j. Suppose -p*b + 112 = b. What is the tens digit of b?
2
Suppose 2*i - 62 = -20. Let v = i + -11. What is the units digit of v?
0
Let m be (5/5 + 0)*0. Suppose -83*k + 87*k - 860 = m. What is the units digit of k?
5
Let r = 56 + -22. Let p be -3 + (-4 + -2)/(-2). Suppose u = -5*y + r, -3*y = -p*u + u - 40. What is the tens digit of u?
4
Suppose 0 = x + 2 - 5. Suppose -x*w - 5*u - 2 - 1 = 0, 2*w = 4*u + 20. What is the tens digit of (-27)/36 - (-119)/w?
2
Let h(v) = -v**3 + 14*v**2 - 10*v - 7. Suppose g - 6*x + 3 = -5*x, 3*x = g + 11. Let o be (-13)/(0 + g + -2). What is the units digit of h(o)?
2
Suppose 0 = 3*r - 2*h - 22, -r + 41 = 4*r + h. Suppose -r*u + 186 = -7*u. What is the tens digit of u?
8
Let s(c) = -2*c**2 + 102*c + 57. What is the tens digit of s(49)?
5
Let b(h) = h**2 - 8*h - 15. Let p be b(12). Let o = 120 - p. Suppose f - o = -3*s, -4*s - 3*f = -2*f - 116. What is the tens digit of s?
2
Suppose 0 = 27*h - 5*h - 6556. What is the units digit of h?
8
Suppose 2263 = 13*g - 2326. What is the tens digit of g?
5
Let o(u) = u**2. Let s be o(5). Suppose -3*p - 2*p = 2*w - s, -3*w = -4*p - 3. Suppose w*k - 147 = 2*q - q, k + 5*q = 19. What is the tens digit of k?
2
Let k(g) be the third derivative of g**6/120 - 7*g**5/60 + 5*g**4/24 - 17*g**3/6 - 7*g**2. What is the tens digit of k(7)?
1
Suppose 1 = 2*n - 3*s, -3*n - 2*s + 10 = n. Suppose 2 = -4*y - n. Let h(j) = -11*j + 1. What is the tens digit of h(y)?
1
Suppose q - 4*o = -4*q - 4, -o + 1 = -4*q. Suppose q = 7*p - 2*p - 270. What is the units digit of p?
4
What is the units digit of 3*(314 + -3) - 8?
5
Suppose 0 = g + w - 56, -2*w = -3*g + w + 150. Suppose 0*z = -x + 3*z + g, 0 = -4*x - 5*z + 263. What is the tens digit of x?
6
Suppose -d - 2*d = 0. Suppose 5*g - 20 = d, u - 6*g + 3*g = -8. Suppose 46 = u*f - 38. What is the units digit of f?
1
Suppose -5*f - 2*h - 2*h + 6082 = 0, 3*h = 9. What is the units digit of f?
4
Let x be (8/14)/(4/14). Suppose -4 = x*t, 8*t - 3*t = -u + 6. Suppose 3*c - u = j + 51, -2*c + 5*j = -23. What is the units digit of c?
4
Suppose 0 = 179*z - 168*z - 22187. What is the tens digit of z?
1
Let d = -5882 + 8955. What is the units digit of d?
3
Let g(t) = t**3 - t**2 - 2. Let s be g(2). Suppose -r = -42 - s. What is the tens digit of r?
4
Let c(v) be the second derivative of -2*v**6/45 - v**5/24 + v**4/12 - 12*v. Let h(y) be the third derivative of c(y). What is the units digit of h(-2)?
9
Let x(w) = w**3 + 9*w**2 - 11*w + 18. Let u be 0 - ((-24)/(-3) - -2). What is the units digit of x(u)?
8
Suppose 23*t = 3836 - 639. What is the units digit of t?
9
Let r = 1 + 2. Let v(s) = -s**2 + r*s - 6*s**2 - 6 + s**3 - 2 + 2. What is the units digit of v(7)?
5
Let n = 28 - 28. Suppose -3*c + 2 = 2*q, 4*c + 13 + 3 = n. What is the units digit of q?
7
Let h(x) = 138*x + 13. Let f be h(-1). Let m = -54 - f. What is the tens digit of m?
7
Let u be ((-8)/4)/(-1) + -56. Let q = u - -147. What is the tens digit of q?
9
Let y = 2 - 2. Suppose -n = -y - 11. What is the units digit of n?
1
Let n(x) = -2 - 7*x + 5*x**2 + x**3 - 1 + 0*x**3. Let a be n(-6). Suppose -3*m - 2*p = -96, a = 3*p - 2*p. What is the units digit of m?
0
Suppose m = 396 + 220. Suppose -u - 6*u + m = 0. What is the tens digit of u?
8
Suppose -5*z - 5*b + 110 = 0, 0*b + 5*b = -2*z + 59. Suppose -3*s + 3*q = 6, 5*q = -3*s + z - 7. Suppose -j + 5*j - 48 = s. What is the tens digit of j?
1
Let a = 3 - -3. Suppose 3*j - p + a = 4*p, -4*j - 5*p + 27 = 0. Suppose -4*y + g + 134 = 0, 0 = -y - y - j*g + 60. What is the tens digit of y?
3
Let i be 94/1 - (3 - 3). Let g = i - 46. What is the tens digit of g?
4
Let m = 608 + 81. What is the units digit of m?
9
Suppose -4*f + 5*h + 1072 + 341 = 0, 2*f - 711 = h. What is the tens digit of f?
5
Let m = 333 - 65. What is the hundreds digit of m?
2
Let m(i) be the third derivative of -i**4/24 - i**2. Let h be m(-4). Suppose -2*w + h = -6, w + 106 = 3*r. What is the units digit of r?
7
Suppose -252 - 72 = -3*s + 4*u, -5*s + 3*u = -540. What is the hundreds digit of s?
1
Suppose 306 = t - 4*y + 105, 3*t - 614 = y. Suppose d - 3*o = 51, 5*d - 6*o - t = -o. What is the tens digit of d?
3
Suppose 5*v - 279 - 6 = 0. Let i = v + -47. What is the tens digit of i?
1
Let d(v) = -v**3 - 17*v**2 + 23*v + 11. Let l be d(-15). Let h be l/2 - (-14 - -16). What is the tens digit of h/(-10) - 2/5?
3
Suppose -2*c - 3*v = 2*v + 9, -3*v + 6 = 5*c. Suppose c*l - 129 = -3*w, 0*w + 2*w - 162 = -4*l. Suppose l = 5*o + 13. What is the units digit of o?
5
Let s be 24/(-32) - 945/(-12). Let i be (-2)/(-4) + 309/6. Let z = s - i. What is the units digit of z?
6
What is the units digit of 2080 + -5 + 0/(-8)?
5
Let q be 2*(-1)/(-8) - (-58)/(-8). Let o(t) = -3*t**2 - 12*t - 26. Let n(l) = l**2 + 4*l + 9. Let x(p) = -17*n(p) - 6*o(p). What is the tens digit of x(q)?
2
Let l = -909 - -1689. What is the hundreds digit of l?
7
Suppose -2*x + 527 = w, -w = x + 3*x - 1051. What is the units digit of x?
2
Let j(d) = d**3 - 9*d**2 + 15*d - 3. Let h be j(7). Suppose -4*z + 5*z = -h*r + 403, 3*r - 3*z = 306. Let n = 147 - r. What is the tens digit of n?
4
Let y(u) = 7*u**3 + 9*u**2 + 18*u + 14. What is the units digit of y(7)?
2
Let z(n) be the second derivative of n**4/4 + 5*n**3/6 + 5*n**2/2 + 5*n - 3. What is the hundreds digit of z(6)?
1
Suppose -4*z = -2870 + 658. What is the units digit of z?
3
Let s be 1/(-3) - (-1)/3. Suppose 4*o - 22 - 190 = s. Let t = -29 + o. What is the units digit of t?
4
What is the tens digit of (2 - 1)*(30 - (-12)/(-2))?
2
Let x = -48 - -51. Suppose 6*f = x*f + 150. What is the tens digit of f?
5
Let n(a) = -12*a + 4. Let y(z) be the second derivative of -2*z**3/3 - z**2/2 + 10*z. Let r be y(1). What is the units digit of n(r)?
4
Suppose 14*u = 3*o + 12*u - 473, -478 = -3*o + u. What is the tens digit of o?
6
Let z(a) = 4*a - 6. Let g be z(11). Suppose 0 = 2*l - 8 - 42. Suppose l + g = 3*c. What is the units digit of c?
1
Let p(d) = 8*d**2 - 3 - 15*d - 3*d**2 - 14*d**2 + 12 - d**3. What is the tens digit of p(-7)?
1
Let s = 64 + -60. What is the units digit of (6/s)/((-9)/(-84))?
4
Let x(s) = -s**3 - 13*s**2 - 12*s + 5. Let g be x(-12). Suppose 4*y = g*u + 44, -54 = 5*y + u - 138. What is the units digit of y?
6
Let l(u) = -14*u**3 + u**2 + 3*u + 1. Suppose -4*w + 11 = 3*a, 3*w + 12 = 4*a + 7*w. Let i be 3 - (a - -7)/2. What is the tens digit of l(i)?
1
What is the tens digit of 495561/209 - 10/95?
7
Let v be 0/1 + 6 + 1 + -7. Suppose 10*q - 3 - 7 = v. What is the units digit of q?
1
Let y = -529 - -594. Suppose -q = -0*q - 6. Suppose -r = -q*r + y. What is the tens digit of r?
1
Let p = 3129 + -1635. What is the hundreds digit of p?
4
Suppose -5*o = 3*m + m + 196, -49 = m + 2*o. Let f = m - -113. What is the units digit of f?
4
Let o(g) = -43*g - 278. What is the thousands digit of o(-36)?
1
Let h(z) = -z**3 + 2*z**2 + 102*z + 13. What is the units digit of h(11)?
6
Let r = 152 - -40. What is the units digit of r?
2
Let j be (-20)/(-2 - 0/(-4)). Suppose j*m - 8*m - 232 = 0. Let s = m - 55. What is the units d